14 = -v*w + 4*i. Calculate the remainder when 198/7 + w/7 is divided by 15.
13
Let v = 1 - 13. Suppose 0 = 2*t - 116 + 34. What is the remainder when t is divided by (0 - v)*7/4?
20
Let z = 115 - 218. Let i = -38 - z. Calculate the remainder when i is divided by 22.
21
Let t(d) = 59*d**2 + d + 1. Calculate the remainder when t(-1) is divided by 12.
11
Suppose -4*k - 2 = -22. Suppose -3*g + k*g - 58 = 0. Calculate the remainder when 85 is divided by g.
27
Let n(y) = -2 - y + 1 + 0. Suppose -4*c = -5*v - 0*c - 7, -3*v + 5*c = 12. What is the remainder when n(-3) is divided by v?
0
Let o(r) = -r**3 - 12*r**2 - 7*r - 23. What is the remainder when o(-12) is divided by 16?
13
Let n(j) = 5*j. Suppose -5*l - 103 = -2*w, -w + 3*l = -2*w + 68. Calculate the remainder when w is divided by n(4).
19
Let d = -9 + 5. Calculate the remainder when (-394)/(-8) - (-1)/d is divided by 25.
24
Suppose -3*u + 0*u = -12. Calculate the remainder when (27 - 1) + (2 - 1) is divided by u*3/30*35.
13
Suppose -5*w + 0*o = -5*o + 160, -5*o + 32 = -w. Calculate the remainder when ((-6)/(-4))/((-1)/w) is divided by 17.
14
Suppose 0 = -5*j + j + 44. Suppose -4*h = -h + 4*s - 34, 0 = 4*s - 16. Calculate the remainder when j is divided by h.
5
Let s(q) = q**2 + 5*q + 5. Let v(l) = -l + 7. Suppose 3*m - 5*z = 20, 4*m + 7 = -2*z + 25. Calculate the remainder when v(m) is divided by s(-4).
0
Suppose 3*r - r = -3*z + 18, -z = 0. What is the remainder when 24 is divided by r?
6
Let h = -8 + 27. Suppose -4*z + 2*z - 3*d = 9, -9 = -3*d. Let f(p) = -5*p - 9. Calculate the remainder when f(z) is divided by h.
17
Suppose -25 = 5*b, d - 6*d + 125 = 3*b. What is the remainder when d is divided by 6?
4
Suppose 4*f = 7*f. Calculate the remainder when 33 is divided by 11/1 + (f - -1).
9
Suppose 0 = -3*h + 15, -a - 2*h + 110 = -43. Calculate the remainder when a is divided by 49.
45
Let z = -48 - -57. Suppose 41 + 37 = 3*j. Calculate the remainder when j is divided by z.
8
Suppose 0 = 7*d - 3*d - 12. Suppose -4*s + 30 = x, -d*s - 5*x + 14 = -0*x. Calculate the remainder when 14 is divided by s.
6
Suppose -13 = -3*o - 3*f + 2, -4*f + 11 = o. Let r = 55 - o. Calculate the remainder when r is divided by (-2)/(-3)*((-1134)/(-4))/7.
25
Suppose -5*h + 3 = -c, -c - 3*h = -3*c + 1. Suppose -3*a = 2*i + c*a - 4, a = -4. What is the remainder when 21/2*(1 + 1) is divided by i?
9
Suppose -z - 2*z + 77 = -2*f, 2*f - 155 = -5*z. Let n = 49 - z. Calculate the remainder when 57 is divided by n.
17
Let a = 1 - -26. Suppose 8 + a = c. Calculate the remainder when c is divided by 1 - 2/(2/(-11)).
11
Let v = 170 - 84. What is the remainder when v is divided by 2/8 - 957/(-44)?
20
Suppose -5*p + 59 - 19 = 0. Calculate the remainder when 15 is divided by p.
7
Suppose 0*j - 125 = -j. What is the remainder when j is divided by 32?
29
Suppose 4*v - 61 = -5. Suppose 3*j + 83 = -4*u, -7*u = -3*u - 16. Let h = 60 + j. What is the remainder when h is divided by v?
13
Calculate the remainder when (4/6)/((-5628)/(-702) + -8) is divided by 8.
7
Suppose -r = 2*r. Suppose r + 25 = j. What is the remainder when j is divided by 9?
7
Let g = -5 + 9. Suppose 8 = -2*a + g*a. Suppose -a*x = 2*c - 3*c + 37, 0 = 2*x + 10. What is the remainder when 50 is divided by c?
16
Let o = -3 + 9. Suppose o = 2*u, 8*u - 4*u + 84 = 3*f. Suppose -6*z + 3*z = -51. What is the remainder when f is divided by z?
15
Let c(h) = -h**3 + h**2 - 85. Let i = -5 + 5. Let n be c(i). Let m = -35 - n. Calculate the remainder when m is divided by 13.
11
Let z(v) = 19*v - 1. Let s be z(4). Let p = 112 - s. Calculate the remainder when p is divided by 19.
18
Suppose 0 = 3*u - 2*m + 31 - 87, -4*u = -5*m - 77. Suppose 0*y - 2*y + u = 0. Calculate the remainder when 15 is divided by y.
6
Let q = 187 - 110. What is the remainder when q is divided by 20?
17
Let p = -33 - -19. Let k = -7 - p. Suppose 0 = r + 4*n - 27, 2*r = n + 38 - 2. What is the remainder when r is divided by k?
5
Let z = -1 - -5. Suppose -z*c + 2*c = -6. Suppose -21 = y - 3*y - 5*o, o = c*y - 23. What is the remainder when y is divided by 5?
3
Let h = 24 - -1. Suppose -5 = -j + h. Suppose 0 = 3*v, -y - 3*v + 2*v = -j. What is the remainder when y is divided by 16?
14
Suppose -3*d - 5 = 16. Let x = 12 + d. Suppose 0 = -3*m + x*a + 36, 2*m + a - 3*a = 20. Calculate the remainder when m is divided by 4.
3
What is the remainder when 45 is divided by (-72)/(-15)*(-5)/(-2)?
9
Suppose 5*v - 52 = -3*a + 32, -3*v = 2*a - 50. Suppose -142 - 65 = -3*n. What is the remainder when n is divided by v?
15
What is the remainder when 16 is divided by (10*(-4)/(-2))/2?
6
Let w(u) = -u**3 - 2*u**2 + u + 2. Let k = 5 - 7. Let j be w(k). Suppose j = -4*q - 2 + 6. Calculate the remainder when q is divided by 1.
0
Let x = 3 - -10. Calculate the remainder when 51 is divided by x.
12
Suppose 14*u = 19*u - 45. Let n(y) = 2*y**2 + 8*y - 7. What is the remainder when n(-7) is divided by u?
8
Suppose 28 = 4*q - 20. Let l = 21 + 13. What is the remainder when l is divided by q?
10
Let i = -7 + 13. Let c be 88/6*9/i. Suppose 0 = -5*f + 5*j + 45, 2*f - j - c = -6. What is the remainder when 13 is divided by f?
6
Let r = -15 - -24. Suppose -5*z - 14 = -34. Suppose -z*w + 130 = w. Calculate the remainder when w is divided by r.
8
Suppose 3 = 3*w + 3*a, -4*w - 3 + 2 = 5*a. Suppose 0 = -u + 2*i - i + 15, 4*u - 74 = -3*i. What is the remainder when u is divided by w?
5
Suppose -3 = -4*c + 3*c + 2*j, 2*j - 3 = -c. Suppose 0 = -7*n + c*n + 116. Calculate the remainder when n is divided by 8.
5
Let s = -6 - -20. Let g(f) = f - 1. Let q be g(1). Suppose -2*o + 2*i + 2 = -6, -4*i + 16 = q. What is the remainder when s is divided by o?
6
Let v = 51 - 36. What is the remainder when 57 is divided by v?
12
Suppose 16 = l + 3*z, -l - z + 20 = 4. Let h = l - 3. What is the remainder when h is divided by 5?
3
Let h = -11 - -55. What is the remainder when h is divided by 15?
14
Let v be 4/(-2)*2/4. Let p = 25 - 12. What is the remainder when p is divided by (10 + 1 + v)/2?
3
Suppose 3*m = 12, -1 = 5*q + 2*m - 9. Suppose 3*z - 6 = q, 3*j = -5*z + z + 119. What is the remainder when j is divided by 13?
11
Let q(f) = 2*f**3 + 2*f - 2. Suppose 3 - 8 = -5*a. Calculate the remainder when 6 is divided by q(a).
0
Suppose 5*t + 0*t = -35. Let x = t + 33. What is the remainder when x is divided by 7?
5
Suppose -5 = 4*v - 4*k - 21, -4 = -v - 3*k. Suppose 3*r + 28 = v*r. What is the remainder when r is divided by 10?
8
Let m = -4 - -86. Let l = -36 + m. Calculate the remainder when l is divided by 16.
14
Let f(y) = y**2 + 6*y + 4. Let v be f(-6). Let w = 71 + -43. Calculate the remainder when w is divided by v/(-6) - (-64)/6.
8
Suppose -4*n + 3*p + 6 = -8, n + 2*p + 2 = 0. Let s be 2*(n + (2 - 2)). Suppose 0 = -0*t + s*t - 48. What is the remainder when 23 is divided by t?
11
What is the remainder when 33 is divided by ((-18)/(-7))/((-6)/(-42))?
15
Let o be -1 + (2*2 - 2). Let w(s) = -5*s**3 + 2*s**2 - 1. Let z be w(-1). What is the remainder when 2*(57/z - o) is divided by 6?
5
Let h(m) = -m**3 + 6*m**2 + 6*m + 14. Calculate the remainder when 24 is divided by h(7).
3
Let m(q) = 2*q**2 - 2*q + 4. Let y be m(2). Suppose -3*c - 2 + y = 0. Calculate the remainder when 3 is divided by c.
1
Let b(x) = x**3 - 1. Let d be b(1). Calculate the remainder when 42 is divided by (1 + d)*(5 - -10).
12
Let s(i) = 2*i**3 - 2*i**2 - i - 2. Let j(z) = 2*z + 1. Let f be j(5). Suppose 0*d + d = f. Calculate the remainder when s(3) is divided by d.
9
Let i = -22 + 31. Calculate the remainder when i is divided by 3.
0
Suppose -4*c + 2*a = -54, 0 = 4*c - 2*a + a - 55. Calculate the remainder when 26 is divided by c.
12
Let a(k) = 3*k**2 - 2*k - 2. Let l = 30 - 20. Calculate the remainder when l is divided by a(2).
4
Calculate the remainder when 7/((-16)/(-5) + -3) is divided by 6.
5
Suppose 8*h = 9*h - 16. Let z = 37 + -8. What is the remainder when z is divided by h?
13
Let y(r) = -r + 13. What is the remainder when 12 is divided by y(2)?
1
Let y be (-2)/(-2) + (-1 - -3). Suppose 2*u = -0*u - 3*w - 99, y*u + 111 = 3*w. Let a = 63 + u. What is the remainder when 61 is divided by a?
19
Suppose -84 = -4*v - 4*x, -2*v + 2*x = 3*x - 45. Calculate the remainder when 117 is divided b